t is 10 + -4 + (-23 + -3 + 2 - 10)?
-28
Calculate 0 + 1 - (-15 + -3 - -34).
-15
Evaluate 9 + 20 + -10 - 28.
-9
What is the value of -4 + (-1 + -7 + 9 - (0 - -3))?
-6
(0 + 3 + -5 - -4) + 11 + -1
12
Calculate 0 - (5 + -2 + (6 - 4) + 8).
-13
Evaluate -5 + (-10 - -11) + 7 - (-3 - -28).
-22
2 - (17 - (-2 + 7)) - -6
-4
Evaluate 3 + 3 + -1 + 12 + -2 + -4.
11
What is 3 - -10 - (-15 + 38)?
-10
Evaluate (-6 + -7 - ((-8 - -1) + 1)) + 6.
-1
0 + 4 + -3 + 2 + 4 + 2
9
Calculate 0 - (0 - -21) - -19.
-2
Calculate (24 + -11 - -10) + -7.
16
What is (-4 - 6 - -7) + (6 - -8)?
11
What is the value of (33 - (8 - 14)) + -15?
24
Evaluate -25 + 19 + -5 + 8.
-3
What is the value of (-7 - (8 + (-14 + 9 - 10))) + 17?
17
Evaluate -4 + 16 - (106 + -88 + 21 + -2).
-25
Evaluate 18 - -18 - (11 + 2 - -1).
22
Evaluate 2 + -6 + 8 + (-1 - 10).
-7
What is 4 - 9 - 1 - (-31 + 25)?
0
What is the value of 678 - 686 - (-1 + -29)?
22
What is the value of 29 + (9 - (-8 + 6 - -23))?
17
19 - (24 + -32 - (2 + -18 + 4))
15
9 - (5 + (31 - 4) + (-13 - -11))
-21
What is 1 + (-19 - (5 - 27))?
4
-9 - ((0 + -18 - -40) + -4)
-27
What is (-59 - -5) + 81 + -52?
-25
Calculate 1 + -11 + 0 + 2 - -4 - -5.
1
What is the value of -12 - (-10 - (2 + 5))?
5
What is -37 - (-60 + -1 + 20)?
4
Evaluate 2 + -1 + 1 - (8 + (-38 - -29)).
3
Evaluate 9 - (-2 - (6 - 3 - (56 + -45))).
3
What is -1 - (-10 - -4) - (5 + -2 - 1)?
3
Evaluate -700 + 678 - (0 - 47).
25
What is 3 - (-23 + 12) - 25 - -31?
20
7 - (-16 + 10 + (8 - 11))
16
What is the value of (55 - 29) + -14 + 1?
13
What is -17 - (26 + -12 - 13 - 7)?
-11
Evaluate -8 - -11 - (17 - (-10 - -3)).
-21
What is (7 - -14) + -5 - 5?
11
Evaluate (-109 - -122) + -48 + 1 + (8 - 0).
-26
Calculate (156 - 157) + (0 - 1 - 3) + 3.
-2
Evaluate 0 + (-34 - (-35 - -8)) + (1 - -9).
3
Calculate 19 - (-7 + 7 - -45).
-26
12 - (1 - -2 - ((10 - 0) + -11))
8
Evaluate -2 - (-20 + 8 - (-1 + (-11 - -6))).
4
Calculate 1 + 0 + -23 - (-374 - -383).
-31
(-3 - -1) + (51 - 66) + 11
-6
Calculate (5 - (4 - (-11 - -10))) + 24.
24
What is the value of 14 + (5 - 14) + -2 + -1 + -6?
-4
Calculate (-3 - (-4 + 2)) + 80 + -49.
30
Evaluate 15 + (-1 + 9 - 12).
11
What is 0 + -19 + -10 + 16 + 11?
-2
Evaluate (34 - (8 - -5 - 4)) + -9.
16
Evaluate ((-3 - -3) + -5 - (-18 + 9)) + -20.
-16
(1 - 4) + 6 - 11 - -15
7
Evaluate -8 - (-8 + -9) - ((28 - -3) + -2).
-20
Evaluate 3 - (-4 + -4 + (28 - 32)).
15
125 + -110 + (-11 - 1) - 38
-35
Evaluate -4 + -2 - (-72 + 71).
-5
What is -4 + -24 + -4 + (19 - 6)?
-19
(-16 - (-4 - -3)) + -6 + 8
-13
What is the value of -3 - (-3 + 8 + -2 + 0) - 9?
-15
What is the value of (13 - -1) + (216 - 226) - 1?
3
(141 - 128) + -45 + (1 + 8 - 1)
-24
Evaluate -6 - (-6 - 7 - 2).
9
What is 39 - (5 - -16) - 1?
17
What is -10 - ((4 - -1 - 0) + -7 - 1)?
-7
What is the value of 3 + 4 + 1 + (-6 - -4)?
6
What is 8 + -6 - -12 - (11 + (-12 - 0))?
15
What is the value of (9 - 16) + 2 + 1 + 15?
11
0 + (-1 - -1) + (-9 - -18) + -18
-9
Calculate 0 + 8 - (138 + -125).
-5
What is the value of 9 - 27 - (-26 - -20)?
-12
0 - -1 - ((30 - 32) + 7 + 1)
-5
Evaluate (3 + 3 - -2) + -11.
-3
Calculate 4 + -9 + 10 - (-6 - (-7 + 0)).
4
Evaluate -43 + 1 - (-661 - -635).
-16
Calculate 0 + 31 + (33 + (-23 - -15) - 18).
38
Evaluate -6 - (-1 + (-6 - -15) + 1).
-15
What is the value of -4 + (-4 - -10 - (4 + -10 + 18))?
-10
Evaluate -36 - (23 - (17 + 12)).
-30
Evaluate 11 + -19 - -5 - 5.
-8
What is the value of 31 + (-8 - 16) - (-3 - 0)?
10
(2 + (-2 - -3) - (-522 + 522)) + -8
-5
Evaluate (-19 - (-27 - (-23 + 4))) + -2 + 3.
-10
Calculate (-18 - -37) + 2 + -10.
11
(-1 - -19) + 6 + -1 + -11 + 9
21
Evaluate -5 + (4 - (-14 - -16)).
-3
Evaluate 1 + -17 - (-28 + 16 - -4).
-8
Evaluate -38 + 6 + 11 + 32.
11
Calculate -6 - (-16 - ((6 - 3 - -8) + -5)).
16
Calculate (-7 + -4 - -2) + 7 - 0.
-2
5 + -1 - (6 + -17) - 5
10
What is the value of (-11 - (4 - 11)) + 0?
-4
-3 - -1 - -8 - (49 + -48)
5
What is the value of -4 + (-3 - -5) - (4 + -17)?
11
Evaluate -19 - -22 - ((4 - 1) + 2 + -4).
2
Evaluate -55 + 42 + (19 - -2).
8
What is 46 - (42 + (13 - 3))?
-6
What is 28 + -32 - (-1 + 4 + -2 + -6)?
1
((2 - -4) + (-11 - -7) - -4) + 3
9
Evaluate (12 - 0) + -1 + (-3570 - -3560).
1
Calculate (-29 - 16) + -7 + (2 - -6 - -7).
-37
-10 + (-5 - ((-7 - -1) + 1))
-10
Evaluate 7 - 1 - (46 - (29 - 0)).
-11
Evaluate 12 - ((-7 - 4) + 12 - -3).
8
6 + (9 - 6) + -7
2
What is -8 + -21 - (5 + (3 - 9) - 5)?
-23
What is 2 - 5 - 4 - (-25 - (3 + -4))?
17
(-14 + 9 - (2 + 0)) + (-3 - -5)
-5
What is the value of (-27 - -13 - -14) + 3?
3
What is 0 - (-20 - -15) - 10?
-5
What is (-8 - -12 - 15) + 11 - (1 + 3)?
-4
What is 4 - (-15 + 13 + (-6 - 5))?
17
(5 - 3) + 4 + -17 + 19
8
(-1 - -6) + (0 - 2 - 10) + -5
-12
What is the value of -6 + 19 - (3 - (-4 - -3))?
9
Evaluate 8 - (3 - 0) - (-61 - -52).
14
What is the value of 2 + -15 - (4 + -8)?
-9
Calculate -9 + (12 + -14 - -4).
-7
What is 16 - (-7 - (-46 + 9))?
-14
Evaluate -8 - ((31 - 30) + -29).
20
What is the value of -6 + -2 + (5 - (-8 + 8)) - -16?
13
116 + -100 - ((1 - 1) + 8)
8
What is the value of -2111 + 2097 - (-23 - (0 + 0))?
9
Calculate (-16 + 12 - -23) + -7.
12
Evaluate -7 + (0 - (-4 + 7 + 3)).
-13
Calculate 2 - (14 - 11) - 9 - (-2 - -4).
-12
Calculate -19 - (-23 + -10) - 4.
10
Calculate (-6 - 18) + 23 - (2 - -2).
-5
What is (-4 - (-4 - (-2 - (2 - 7)))) + 3?
6
Calculate 0 - (11 + 0 + (-52 - -59)).
-18
Calculate -633 + 614 + (4 - 1) + -3 + 0.
-19
What is the value of 0 - -4 - (-40 - (10 + -60))?
-6
What is the value of -4 + -27 - (-12 + -4 + 9)?
-24
What is the value of -9 - 0 - (-4 - 2 - (-7 + 3))?
-7
Evaluate 24 + -18 + -54 + 18.
-30
What is (4 - -2 - 12) + 15 - (9 + -7)?
7
What is 5 + 7 + -11 - 1 - (-6 - -5)?
1
6 + -2 + (-4 - -4) + -4 + -9
-9
Calculate -22 + -23 - -32 - (7 - 1).
-19
(20 - 37) + 12 - -14
9
What is the value of -7 + 1 + (12 - (-7 + 7)) + 1?
7
Calculate -7 + (1 - -5) - (-21 - -14) - -15.
21
Evaluate (8 - -1) + 7 + -5 + -22.
-11
What is the value of -2 - 4 - (18 - 29) - 21?
-16
Calculate (10 - (3 - 3) - 10) + (13 - -2).
15
What is -727 - -736 - (-2 + -2 + 2 + 18)?
-7
What is -1 + 8 + 142 + -134 + -1 + 0?
14
Calculate -1 + -1 - -14 - (-198 + 192).
18
Calculate 4 + (431 + -446 - (-18 + 1)).
6
-4 + 13 + (-16 - -1)
-6
Evaluate (0 - 1) + -7 + 10 + -9 + -3.
-10
What is (0 - -3) + (1 + 1 - (-213 - -219))?
-1
Evaluate -3 + -34 - (25 - 66).
4
Calculate 12 + (-6 - 4) - -6 - -6.
14
Calculate (-5 - -8) + 7 - 6 - 7.
-3
What is the value of 8 + -9 + 14 - 0?
13
Evaluate -14 + 9 + -3 - -13.
5
Calculate -1 + -1 + (-3 - 6).
-11
Evaluate -39 - -45 - (-3 + 3 - 3).
9
Calculate 10 - (8 + -7 + 5 + -5).
9
5 + (-9 - -14) + 0
10
What is the value of 125 + -80 - (63 - -4)?
-22
Calculate -2 - 4 - (-4 - (-9 - -2 - -1)).
-8
What is 29 + -17 + -13 - -21?
20
Evaluate 7 - 10 - (8 + 3 + -43).
29
Calculate -15 + (-30 - (3 - 14)).
-34
What is 4 + -12 + (-20 - -16) + -8 + 1?
-19
What is -9 - -2 - (15 + (-1 - 8))?
-13
What is -302 + 296 - (-22 - 0)?
16
What is -7 - (-3 + 3 + -11) - (32 - 1)?
-27
What is -1 + 0 - -19 - 28?
-10
30 - (36 + 0 + -16)
10
-22 + (1 - (7 + -18))
-10
What is the value of -34 + (9 - (-2 - 16))?
-7
27 + -2 - (115 + -101)
11
What is the value of 23 + (-13 - -2 - (-36 - -32))?
16
What is 3 - (-8 - (-20 - (-12 - -7)))?
-4
What is the value of 3 + -3 + -1 + -3 + 2?
-2
Evaluate 4 - 1 - (17 - (-20 + 42)).
8
Evaluate -21 + 2 - (20 + -49 + 19).
-9
What is the value of (-37 + 6 - -11) + -5?
-25
Calculate 4 - (11 + 4 - (-15 - -23)).
-3
Evaluate -1 + -15 + 3 + 23.
10
Calculate -2 - 12 - (-3 - (-20 - -19)).
-12
What is 7 - (14 - (-1 + 14))?
6
Evaluate (18 - (10 - -6)) + 8 + 0.
10
-7 - (5 - (3 + -3 + (11 - 6)))
-7
What is the value of (6 - (-4 - -11) - -9) + -13?
-5
What is the value of -4 + 7 + 3 + -10 + -7 + 7?
-4
Calculate -10 - 1 - (109 + -104 + 0 + -12).
-4
Evaluate 1 + -10 - (-66 + (17 - -24)).
16
What is -17 + 1 - -22 - 1?
5
What is the value of -5 - (-1 - 2) - (3 + -5 - 5)?
5
What is the value of (6 - 1) + 12 + -29?
-12
Calculate 0 + 0 + (5 + -3 - (-17 - -8)).
11
What is 11 + -8 + 5 + 7 + -1?
14
What is -31 - (-62 + 11 - -6)?
14
What is (27 + 1 - 0) + (-746 - -745)?
27
Evaluate 6 - 4 - ((9 - 8) + 12 + -5).
-6
Calculate 2 + -15 - ((22 - 20) + -3).
-12
Calculate 71 + (54 - 114) + 3 + 0.
14
Calculate 4 + -22 + 0 + 12 + -5 + -16.
-27
What 